[INFO] fetching crate knuffel-derive 3.2.0...
[INFO] checking knuffel-derive-3.2.0 against master#e6e4f7ed1589e03bc2f6c5931c1a72e7947e8682 for beta-170-4
[INFO] extracting crate knuffel-derive 3.2.0 into /workspace/builds/worker-0-tc2/source
[INFO] validating manifest of crates.io crate knuffel-derive 3.2.0 on toolchain e6e4f7ed1589e03bc2f6c5931c1a72e7947e8682
[INFO] running `Command { std: CARGO_HOME="/workspace/cargo-home" RUSTUP_HOME="/workspace/rustup-home" "/workspace/cargo-home/bin/cargo" "+e6e4f7ed1589e03bc2f6c5931c1a72e7947e8682" "metadata" "--manifest-path" "Cargo.toml" "--no-deps", kill_on_drop: false }`
[INFO] started tweaking crates.io crate knuffel-derive 3.2.0
[INFO] finished tweaking crates.io crate knuffel-derive 3.2.0
[INFO] tweaked toml for crates.io crate knuffel-derive 3.2.0 written to /workspace/builds/worker-0-tc2/source/Cargo.toml
[INFO] running `Command { std: CARGO_HOME="/workspace/cargo-home" RUSTUP_HOME="/workspace/rustup-home" __CARGO_TEST_CHANNEL_OVERRIDE_DO_NOT_USE_THIS="nightly" "/workspace/cargo-home/bin/cargo" "+e6e4f7ed1589e03bc2f6c5931c1a72e7947e8682" "generate-lockfile" "--manifest-path" "Cargo.toml" "-Zno-index-update", kill_on_drop: false }`
[INFO] running `Command { std: CARGO_HOME="/workspace/cargo-home" RUSTUP_HOME="/workspace/rustup-home" "/workspace/cargo-home/bin/cargo" "+e6e4f7ed1589e03bc2f6c5931c1a72e7947e8682" "fetch" "--manifest-path" "Cargo.toml", kill_on_drop: false }`
[INFO] running `Command { std: "docker" "create" "-v" "/var/lib/crater-agent-workspace/builds/worker-0-tc2/target:/opt/rustwide/target:rw,Z" "-v" "/var/lib/crater-agent-workspace/builds/worker-0-tc2/source:/opt/rustwide/workdir:ro,Z" "-v" "/var/lib/crater-agent-workspace/cargo-home:/opt/rustwide/cargo-home:ro,Z" "-v" "/var/lib/crater-agent-workspace/rustup-home:/opt/rustwide/rustup-home:ro,Z" "-e" "SOURCE_DIR=/opt/rustwide/workdir" "-e" "CARGO_TARGET_DIR=/opt/rustwide/target" "-e" "CARGO_HOME=/opt/rustwide/cargo-home" "-e" "RUSTUP_HOME=/opt/rustwide/rustup-home" "-w" "/opt/rustwide/workdir" "-m" "1610612736" "--user" "0:0" "--network" "none" "ghcr.io/rust-lang/crates-build-env/linux@sha256:19e73879b68f455e41552ea35293514db52ea292d993f571636dbffedb77a1ee" "/opt/rustwide/cargo-home/bin/cargo" "+e6e4f7ed1589e03bc2f6c5931c1a72e7947e8682" "metadata" "--no-deps" "--format-version=1", kill_on_drop: false }`
[INFO] [stdout] e057cfd5c8a5e5d7025595c9edd1ddcf522bf4619de63410b6a37bf3b7e4d09a
[INFO] running `Command { std: "docker" "start" "-a" "e057cfd5c8a5e5d7025595c9edd1ddcf522bf4619de63410b6a37bf3b7e4d09a", kill_on_drop: false }`
[INFO] running `Command { std: "docker" "inspect" "e057cfd5c8a5e5d7025595c9edd1ddcf522bf4619de63410b6a37bf3b7e4d09a", kill_on_drop: false }`
[INFO] running `Command { std: "docker" "rm" "-f" "e057cfd5c8a5e5d7025595c9edd1ddcf522bf4619de63410b6a37bf3b7e4d09a", kill_on_drop: false }`
[INFO] [stdout] e057cfd5c8a5e5d7025595c9edd1ddcf522bf4619de63410b6a37bf3b7e4d09a
[INFO] running `Command { std: "docker" "create" "-v" "/var/lib/crater-agent-workspace/builds/worker-0-tc2/target:/opt/rustwide/target:rw,Z" "-v" "/var/lib/crater-agent-workspace/builds/worker-0-tc2/source:/opt/rustwide/workdir:ro,Z" "-v" "/var/lib/crater-agent-workspace/cargo-home:/opt/rustwide/cargo-home:ro,Z" "-v" "/var/lib/crater-agent-workspace/rustup-home:/opt/rustwide/rustup-home:ro,Z" "-e" "SOURCE_DIR=/opt/rustwide/workdir" "-e" "CARGO_TARGET_DIR=/opt/rustwide/target" "-e" "CARGO_INCREMENTAL=0" "-e" "RUST_BACKTRACE=full" "-e" "RUSTFLAGS=--cap-lints=forbid" "-e" "RUSTDOCFLAGS=--cap-lints=forbid" "-e" "CARGO_HOME=/opt/rustwide/cargo-home" "-e" "RUSTUP_HOME=/opt/rustwide/rustup-home" "-w" "/opt/rustwide/workdir" "-m" "1610612736" "--user" "0:0" "--network" "none" "ghcr.io/rust-lang/crates-build-env/linux@sha256:19e73879b68f455e41552ea35293514db52ea292d993f571636dbffedb77a1ee" "/opt/rustwide/cargo-home/bin/cargo" "+e6e4f7ed1589e03bc2f6c5931c1a72e7947e8682" "check" "--frozen" "--all" "--all-targets" "--message-format=json", kill_on_drop: false }`
[INFO] [stdout] 791e41a38f68a1f1bb8c03b0aaa9c3982fd70e425d79bd246b8222515add7571
[INFO] running `Command { std: "docker" "start" "-a" "791e41a38f68a1f1bb8c03b0aaa9c3982fd70e425d79bd246b8222515add7571", kill_on_drop: false }`
[INFO] [stderr]    Compiling libc v0.2.144
[INFO] [stderr]    Compiling io-lifetimes v1.0.11
[INFO] [stderr]    Compiling cfg-if v1.0.0
[INFO] [stderr]    Compiling proc-macro2 v1.0.59
[INFO] [stderr]    Compiling quote v1.0.28
[INFO] [stderr]    Compiling memchr v2.5.0
[INFO] [stderr]    Compiling ahash v0.7.6
[INFO] [stderr]    Compiling rustix v0.37.19
[INFO] [stderr]    Compiling once_cell v1.17.2
[INFO] [stderr]    Compiling backtrace v0.3.67
[INFO] [stderr]    Compiling syn v1.0.109
[INFO] [stderr]     Checking linux-raw-sys v0.3.8
[INFO] [stderr]     Checking gimli v0.27.2
[INFO] [stderr]    Compiling aho-corasick v1.0.1
[INFO] [stderr]    Compiling regex-syntax v0.7.2
[INFO] [stderr]     Checking miniz_oxide v0.6.2
[INFO] [stderr]    Compiling proc-macro-error-attr v1.0.4
[INFO] [stderr]     Checking rustc-demangle v0.1.23
[INFO] [stderr]    Compiling syn v2.0.18
[INFO] [stderr]    Compiling proc-macro-error v1.0.4
[INFO] [stderr]     Checking unicode-ident v1.0.9
[INFO] [stderr]    Compiling getrandom v0.2.9
[INFO] [stderr]     Checking smawk v0.3.1
[INFO] [stderr]     Checking is_ci v1.1.1
[INFO] [stderr]     Checking object v0.30.3
[INFO] [stderr]    Compiling hashbrown v0.12.3
[INFO] [stderr]     Checking addr2line v0.19.0
[INFO] [stderr]     Checking terminal_size v0.1.17
[INFO] [stderr]     Checking owo-colors v3.5.0
[INFO] [stderr]     Checking heck v0.4.1
[INFO] [stderr]     Checking is-terminal v0.4.7
[INFO] [stderr]     Checking supports-hyperlinks v2.1.0
[INFO] [stderr]    Compiling regex v1.8.3
[INFO] [stderr]     Checking supports-unicode v2.0.0
[INFO] [stderr]     Checking supports-color v2.0.0
[INFO] [stderr]    Compiling unicode-segmentation v1.10.1
[INFO] [stderr]    Compiling thiserror-impl v1.0.40
[INFO] [stderr]    Compiling miette-derive v5.9.0
[INFO] [stderr]     Checking knuffel-derive v3.2.0 (/opt/rustwide/workdir)
[INFO] [stderr]    Compiling unicode-linebreak v0.1.4
[INFO] [stderr]     Checking backtrace-ext v0.2.1
[INFO] [stderr]     Checking thiserror v1.0.40
[INFO] [stderr]     Checking textwrap v0.15.2
[INFO] [stderr]     Checking miette v5.9.0
[INFO] [stdout] error[E0433]: failed to resolve: use of undeclared crate or module `knuffel`
[INFO] [stdout]  --> tests/ast.rs:1:5
[INFO] [stdout]   |
[INFO] [stdout] 1 | use knuffel::span::Span;
[INFO] [stdout]   |     ^^^^^^^ use of undeclared crate or module `knuffel`
[INFO] [stdout] 
[INFO] [stdout] 
[INFO] [stdout] error[E0433]: failed to resolve: use of undeclared crate or module `knuffel`
[INFO] [stdout]  --> tests/ast.rs:2:5
[INFO] [stdout]   |
[INFO] [stdout] 2 | use knuffel::traits::Decode;
[INFO] [stdout]   |     ^^^^^^^ use of undeclared crate or module `knuffel`
[INFO] [stdout] 
[INFO] [stdout] 
[INFO] [stdout] error[E0433]: failed to resolve: use of undeclared crate or module `knuffel`
[INFO] [stdout]  --> tests/scalar.rs:4:5
[INFO] [stdout]   |
[INFO] [stdout] 4 | use knuffel::span::Span;
[INFO] [stdout]   |     ^^^^^^^ use of undeclared crate or module `knuffel`
[INFO] [stdout] 
[INFO] [stdout] 
[INFO] [stdout] error[E0432]: unresolved import `knuffel`
[INFO] [stdout]  --> tests/scalar.rs:3:5
[INFO] [stdout]   |
[INFO] [stdout] 3 | use knuffel::{Decode};
[INFO] [stdout]   |     ^^^^^^^ use of undeclared crate or module `knuffel`
[INFO] [stdout] 
[INFO] [stdout] 
[INFO] [stdout] error[E0433]: failed to resolve: use of undeclared crate or module `knuffel`
[INFO] [stdout]  --> tests/scalar.rs:8:10
[INFO] [stdout]   |
[INFO] [stdout] 8 | #[derive(knuffel::DecodeScalar, Debug, PartialEq)]
[INFO] [stdout]   |          ^^^^^^^ use of undeclared crate or module `knuffel`
[INFO] [stdout] 
[INFO] [stdout] 
[INFO] [stdout] error[E0433]: failed to resolve: use of undeclared crate or module `knuffel`
[INFO] [stdout]   --> tests/scalar.rs:14:10
[INFO] [stdout]    |
[INFO] [stdout] 14 | #[derive(knuffel::Decode, Debug, PartialEq)]
[INFO] [stdout]    |          ^^^^^^^ use of undeclared crate or module `knuffel`
[INFO] [stdout] 
[INFO] [stdout] 
[INFO] [stdout] error[E0433]: failed to resolve: use of undeclared crate or module `knuffel`
[INFO] [stdout]  --> tests/types.rs:3:5
[INFO] [stdout]   |
[INFO] [stdout] 3 | use knuffel::{span::Span};
[INFO] [stdout]   |     ^^^^^^^ use of undeclared crate or module `knuffel`
[INFO] [stdout] 
[INFO] [stdout] 
[INFO] [stdout] error[E0433]: failed to resolve: use of undeclared crate or module `knuffel`
[INFO] [stdout]  --> tests/types.rs:4:5
[INFO] [stdout]   |
[INFO] [stdout] 4 | use knuffel::traits::DecodeChildren;
[INFO] [stdout]   |     ^^^^^^^ use of undeclared crate or module `knuffel`
[INFO] [stdout] 
[INFO] [stdout] 
[INFO] [stdout] error[E0433]: failed to resolve: use of undeclared crate or module `knuffel`
[INFO] [stdout]  --> tests/tuples.rs:5:5
[INFO] [stdout]   |
[INFO] [stdout] 5 | use knuffel::{Decode, span::Span};
[INFO] [stdout]   |     ^^^^^^^ use of undeclared crate or module `knuffel`
[INFO] [stdout] 
[INFO] [stdout] 
[INFO] [stdout] error[E0432]: unresolved import `knuffel`
[INFO] [stdout]  --> tests/tuples.rs:5:5
[INFO] [stdout]   |
[INFO] [stdout] 5 | use knuffel::{Decode, span::Span};
[INFO] [stdout]   |     ^^^^^^^ use of undeclared crate or module `knuffel`
[INFO] [stdout] 
[INFO] [stdout] 
[INFO] [stdout] error: cannot determine resolution for the derive macro `Decode`
[INFO] [stdout]  --> tests/tuples.rs:8:17
[INFO] [stdout]   |
[INFO] [stdout] 8 | #[derive(Debug, Decode, PartialEq)]
[INFO] [stdout]   |                 ^^^^^^
[INFO] [stdout]   |
[INFO] [stdout]   = note: import resolution is stuck, try simplifying macro imports
[INFO] [stdout] 
[INFO] [stdout] 
[INFO] [stdout] error: cannot determine resolution for the derive macro `Decode`
[INFO] [stdout]   --> tests/tuples.rs:11:17
[INFO] [stdout]    |
[INFO] [stdout] 11 | #[derive(Debug, Decode, PartialEq)]
[INFO] [stdout]    |                 ^^^^^^
[INFO] [stdout]    |
[INFO] [stdout]    = note: import resolution is stuck, try simplifying macro imports
[INFO] [stdout] 
[INFO] [stdout] 
[INFO] [stdout] error[E0433]: failed to resolve: use of undeclared crate or module `knuffel`
[INFO] [stdout]  --> tests/extra.rs:1:5
[INFO] [stdout]   |
[INFO] [stdout] 1 | use knuffel::span::Span;
[INFO] [stdout]   |     ^^^^^^^ use of undeclared crate or module `knuffel`
[INFO] [stdout] 
[INFO] [stdout] 
[INFO] [stdout] error[E0433]: failed to resolve: use of undeclared crate or module `knuffel`
[INFO] [stdout]  --> tests/extra.rs:2:5
[INFO] [stdout]   |
[INFO] [stdout] 2 | use knuffel::traits::Decode;
[INFO] [stdout]   |     ^^^^^^^ use of undeclared crate or module `knuffel`
[INFO] [stdout] 
[INFO] [stdout] 
[INFO] [stdout] error[E0433]: failed to resolve: use of undeclared crate or module `knuffel`
[INFO] [stdout]  --> tests/extra.rs:3:5
[INFO] [stdout]   |
[INFO] [stdout] 3 | use knuffel::ast::{TypeName, BuiltinType};
[INFO] [stdout]   |     ^^^^^^^ use of undeclared crate or module `knuffel`
[INFO] [stdout] 
[INFO] [stdout] 
[INFO] [stdout] error[E0433]: failed to resolve: use of undeclared crate or module `knuffel`
[INFO] [stdout]  --> tests/flatten.rs:5:5
[INFO] [stdout]   |
[INFO] [stdout] 5 | use knuffel::{Decode, span::Span};
[INFO] [stdout]   |     ^^^^^^^ use of undeclared crate or module `knuffel`
[INFO] [stdout] 
[INFO] [stdout] 
[INFO] [stdout] error[E0433]: failed to resolve: use of undeclared crate or module `knuffel`
[INFO] [stdout]  --> tests/flatten.rs:6:5
[INFO] [stdout]   |
[INFO] [stdout] 6 | use knuffel::traits::DecodeChildren;
[INFO] [stdout]   |     ^^^^^^^ use of undeclared crate or module `knuffel`
[INFO] [stdout] 
[INFO] [stdout] 
[INFO] [stdout] error[E0432]: unresolved import `knuffel`
[INFO] [stdout]  --> tests/flatten.rs:5:5
[INFO] [stdout]   |
[INFO] [stdout] 5 | use knuffel::{Decode, span::Span};
[INFO] [stdout]   |     ^^^^^^^ use of undeclared crate or module `knuffel`
[INFO] [stdout] 
[INFO] [stdout] 
[INFO] [stdout] error: cannot find attribute `knuffel` in this scope
[INFO] [stdout]   --> tests/scalar.rs:16:7
[INFO] [stdout]    |
[INFO] [stdout] 16 |     #[knuffel(argument)]
[INFO] [stdout]    |       ^^^^^^^
[INFO] [stdout] 
[INFO] [stdout] 
[INFO] [stdout] error: cannot find attribute `knuffel` in this scope
[INFO] [stdout]   --> tests/tuples.rs:12:14
[INFO] [stdout]    |
[INFO] [stdout] 12 | struct Arg(#[knuffel(argument)] u32);
[INFO] [stdout]    |              ^^^^^^^
[INFO] [stdout] 
[INFO] [stdout] 
[INFO] [stdout] error: cannot determine resolution for the derive macro `Decode`
[INFO] [stdout]   --> tests/tuples.rs:14:17
[INFO] [stdout]    |
[INFO] [stdout] 14 | #[derive(Debug, Decode, PartialEq)]
[INFO] [stdout]    |                 ^^^^^^
[INFO] [stdout]    |
[INFO] [stdout]    = note: import resolution is stuck, try simplifying macro imports
[INFO] [stdout] 
[INFO] [stdout] 
[INFO] [stdout] error: cannot determine resolution for the derive macro `Decode`
[INFO] [stdout]   --> tests/tuples.rs:17:17
[INFO] [stdout]    |
[INFO] [stdout] 17 | #[derive(Debug, Decode, PartialEq)]
[INFO] [stdout]    |                 ^^^^^^
[INFO] [stdout]    |
[INFO] [stdout]    = note: import resolution is stuck, try simplifying macro imports
[INFO] [stdout] 
[INFO] [stdout] 
[INFO] [stdout] error[E0433]: failed to resolve: could not find `knuffel` in the list of imported crates
[INFO] [stdout]  --> tests/types.rs:7:10
[INFO] [stdout]   |
[INFO] [stdout] 7 | #[derive(knuffel_derive::Decode, Debug, PartialEq)]
[INFO] [stdout]   |          ^^^^^^^^^^^^^^^^^^^^^^ could not find `knuffel` in the list of imported crates
[INFO] [stdout]   |
[INFO] [stdout]   = note: this error originates in the derive macro `knuffel_derive::Decode` (in Nightly builds, run with -Z macro-backtrace for more info)
[INFO] [stdout] 
[INFO] [stdout] 
[INFO] [stdout] error[E0433]: failed to resolve: use of undeclared crate or module `knuffel`
[INFO] [stdout]  --> tests/ast.rs:8:19
[INFO] [stdout]   |
[INFO] [stdout] 8 |     children: Vec<knuffel::ast::SpannedNode<Span>>,
[INFO] [stdout]   |                   ^^^^^^^ use of undeclared crate or module `knuffel`
[INFO] [stdout] 
[INFO] [stdout] 
[INFO] [stdout] error: cannot find attribute `knuffel` in this scope
[INFO] [stdout]   --> tests/tuples.rs:18:16
[INFO] [stdout]    |
[INFO] [stdout] 18 | struct Extra(#[knuffel(argument)] Option<String>, u32);
[INFO] [stdout]    |                ^^^^^^^
[INFO] [stdout] 
[INFO] [stdout] 
[INFO] [stdout] error: cannot determine resolution for the derive macro `Decode`
[INFO] [stdout]   --> tests/tuples.rs:20:17
[INFO] [stdout]    |
[INFO] [stdout] 20 | #[derive(Debug, Decode, PartialEq)]
[INFO] [stdout]    |                 ^^^^^^
[INFO] [stdout]    |
[INFO] [stdout]    = note: import resolution is stuck, try simplifying macro imports
[INFO] [stdout] 
[INFO] [stdout] 
[INFO] [stdout] error[E0433]: failed to resolve: could not find `knuffel` in the list of imported crates
[INFO] [stdout]  --> tests/ast.rs:4:10
[INFO] [stdout]   |
[INFO] [stdout] 4 | #[derive(knuffel_derive::Decode, Debug)]
[INFO] [stdout]   |          ^^^^^^^^^^^^^^^^^^^^^^ could not find `knuffel` in the list of imported crates
[INFO] [stdout]   |
[INFO] [stdout]   = note: this error originates in the derive macro `knuffel_derive::Decode` (in Nightly builds, run with -Z macro-backtrace for more info)
[INFO] [stdout] 
[INFO] [stdout] 
[INFO] [stdout] error: cannot find attribute `knuffel` in this scope
[INFO] [stdout]   --> tests/tuples.rs:23:11
[INFO] [stdout]    |
[INFO] [stdout] 23 |     Arg(#[knuffel(argument)] u32),
[INFO] [stdout]    |           ^^^^^^^
[INFO] [stdout] 
[INFO] [stdout] 
[INFO] [stdout] error[E0433]: failed to resolve: use of undeclared crate or module `knuffel`
[INFO] [stdout]  --> tests/ast.rs:5:21
[INFO] [stdout]   |
[INFO] [stdout] 5 | #[knuffel(span_type=knuffel::span::Span)]
[INFO] [stdout]   |                     ^^^^^^^ use of undeclared crate or module `knuffel`
[INFO] [stdout] 
[INFO] [stdout] 
[INFO] [stdout] error: cannot find attribute `knuffel` in this scope
[INFO] [stdout]   --> tests/tuples.rs:25:13
[INFO] [stdout]    |
[INFO] [stdout] 25 |     Extra(#[knuffel(argument)] Option<String>, u32),
[INFO] [stdout]    |             ^^^^^^^
[INFO] [stdout] 
[INFO] [stdout] 
[INFO] [stdout] error[E0433]: failed to resolve: could not find `knuffel` in the list of imported crates
[INFO] [stdout]  --> tests/extra.rs:5:10
[INFO] [stdout]   |
[INFO] [stdout] 5 | #[derive(knuffel_derive::Decode, Debug, PartialEq)]
[INFO] [stdout]   |          ^^^^^^^^^^^^^^^^^^^^^^ could not find `knuffel` in the list of imported crates
[INFO] [stdout]   |
[INFO] [stdout]   = note: this error originates in the derive macro `knuffel_derive::Decode` (in Nightly builds, run with -Z macro-backtrace for more info)
[INFO] [stdout] 
[INFO] [stdout] 
[INFO] [stdout] error[E0433]: failed to resolve: could not find `knuffel` in the list of imported crates
[INFO] [stdout]  --> tests/flatten.rs:9:10
[INFO] [stdout]   |
[INFO] [stdout] 9 | #[derive(knuffel_derive::Decode, Default, Debug, PartialEq)]
[INFO] [stdout]   |          ^^^^^^^^^^^^^^^^^^^^^^ could not find `knuffel` in the list of imported crates
[INFO] [stdout]   |
[INFO] [stdout]   = note: this error originates in the derive macro `knuffel_derive::Decode` (in Nightly builds, run with -Z macro-backtrace for more info)
[INFO] [stdout] 
[INFO] [stdout] 
[INFO] [stdout] error[E0433]: failed to resolve: use of undeclared crate or module `knuffel`
[INFO] [stdout]   --> tests/scalar.rs:22:29
[INFO] [stdout]    |
[INFO] [stdout] 22 |     let mut nodes: Vec<T> = knuffel::parse("<test>", text).unwrap();
[INFO] [stdout]    |                             ^^^^^^^ use of undeclared crate or module `knuffel`
[INFO] [stdout] 
[INFO] [stdout] 
[INFO] [stdout] error[E0433]: failed to resolve: use of undeclared crate or module `knuffel`
[INFO] [stdout]   --> tests/scalar.rs:28:15
[INFO] [stdout]    |
[INFO] [stdout] 28 |     let err = knuffel::parse::<Vec<T>>("<test>", text).unwrap_err();
[INFO] [stdout]    |               ^^^^^^^ use of undeclared crate or module `knuffel`
[INFO] [stdout] 
[INFO] [stdout] 
[INFO] [stdout] error: aborting due to 7 previous errors
[INFO] [stdout] 
[INFO] [stdout] 
[INFO] [stdout] Some errors have detailed explanations: E0432, E0433.
[INFO] [stdout] 
[INFO] [stdout] For more information about an error, try `rustc --explain E0432`.
[INFO] [stdout] 
[INFO] [stderr] error: could not compile `knuffel-derive` (test "scalar") due to 8 previous errors
[INFO] [stderr] warning: build failed, waiting for other jobs to finish...
[INFO] [stdout] error[E0433]: failed to resolve: use of undeclared crate or module `knuffel`
[INFO] [stdout]   --> tests/tuples.rs:30:29
[INFO] [stdout]    |
[INFO] [stdout] 30 |     let mut nodes: Vec<T> = knuffel::parse("<test>", text).unwrap();
[INFO] [stdout]    |                             ^^^^^^^ use of undeclared crate or module `knuffel`
[INFO] [stdout] 
[INFO] [stdout] 
[INFO] [stdout] error[E0433]: failed to resolve: use of undeclared crate or module `knuffel`
[INFO] [stdout]   --> tests/tuples.rs:36:15
[INFO] [stdout]    |
[INFO] [stdout] 36 |     let err = knuffel::parse::<Vec<T>>("<test>", text).unwrap_err();
[INFO] [stdout]    |               ^^^^^^^ use of undeclared crate or module `knuffel`
[INFO] [stdout] 
[INFO] [stdout] 
[INFO] [stdout] error: aborting due to 13 previous errors
[INFO] [stdout] 
[INFO] [stdout] 
[INFO] [stdout] Some errors have detailed explanations: E0432, E0433.
[INFO] [stdout] 
[INFO] [stdout] For more information about an error, try `rustc --explain E0432`.
[INFO] [stdout] 
[INFO] [stderr] error: could not compile `knuffel-derive` (test "tuples") due to 14 previous errors
[INFO] [stdout] error[E0433]: failed to resolve: could not find `knuffel` in the list of imported crates
[INFO] [stdout]  --> tests/extra.rs:8:10
[INFO] [stdout]   |
[INFO] [stdout] 8 | #[derive(knuffel_derive::Decode, Debug, PartialEq)]
[INFO] [stdout]   |          ^^^^^^^^^^^^^^^^^^^^^^ could not find `knuffel` in the list of imported crates
[INFO] [stdout]   |
[INFO] [stdout]   = note: this error originates in the derive macro `knuffel_derive::Decode` (in Nightly builds, run with -Z macro-backtrace for more info)
[INFO] [stdout] 
[INFO] [stdout] 
[INFO] [stdout] error[E0433]: failed to resolve: use of undeclared crate or module `knuffel`
[INFO] [stdout]  --> tests/normal.rs:7:5
[INFO] [stdout]   |
[INFO] [stdout] 7 | use knuffel::{Decode, span::Span};
[INFO] [stdout]   |     ^^^^^^^ use of undeclared crate or module `knuffel`
[INFO] [stdout] 
[INFO] [stdout] 
[INFO] [stdout] error[E0433]: failed to resolve: use of undeclared crate or module `knuffel`
[INFO] [stdout]  --> tests/normal.rs:8:5
[INFO] [stdout]   |
[INFO] [stdout] 8 | use knuffel::traits::DecodeChildren;
[INFO] [stdout]   |     ^^^^^^^ use of undeclared crate or module `knuffel`
[INFO] [stdout] 
[INFO] [stdout] 
[INFO] [stdout] error[E0432]: unresolved import `knuffel`
[INFO] [stdout]  --> tests/normal.rs:7:5
[INFO] [stdout]   |
[INFO] [stdout] 7 | use knuffel::{Decode, span::Span};
[INFO] [stdout]   |     ^^^^^^^ use of undeclared crate or module `knuffel`
[INFO] [stdout] 
[INFO] [stdout] 
[INFO] [stdout] error[E0433]: failed to resolve: use of undeclared crate or module `knuffel`
[INFO] [stdout]   --> tests/ast.rs:12:29
[INFO] [stdout]    |
[INFO] [stdout] 12 |     let mut nodes: Vec<T> = knuffel::parse("<test>", text).unwrap();
[INFO] [stdout]    |                             ^^^^^^^ use of undeclared crate or module `knuffel`
[INFO] [stdout] 
[INFO] [stdout] 
[INFO] [stdout] error: aborting due to 6 previous errors
[INFO] [stdout] 
[INFO] [stdout] 
[INFO] [stdout] For more information about this error, try `rustc --explain E0433`.
[INFO] [stdout] 
[INFO] [stdout] error[E0433]: failed to resolve: could not find `knuffel` in the list of imported crates
[INFO] [stdout]   --> tests/flatten.rs:15:10
[INFO] [stdout]    |
[INFO] [stdout] 15 | #[derive(knuffel_derive::Decode, Debug, PartialEq)]
[INFO] [stdout]    |          ^^^^^^^^^^^^^^^^^^^^^^ could not find `knuffel` in the list of imported crates
[INFO] [stdout]    |
[INFO] [stdout]    = note: this error originates in the derive macro `knuffel_derive::Decode` (in Nightly builds, run with -Z macro-backtrace for more info)
[INFO] [stdout] 
[INFO] [stdout] 
[INFO] [stdout] error[E0433]: failed to resolve: could not find `knuffel` in the list of imported crates
[INFO] [stdout]   --> tests/extra.rs:19:10
[INFO] [stdout]    |
[INFO] [stdout] 19 | #[derive(knuffel_derive::Decode, Debug, PartialEq)]
[INFO] [stdout]    |          ^^^^^^^^^^^^^^^^^^^^^^ could not find `knuffel` in the list of imported crates
[INFO] [stdout]    |
[INFO] [stdout]    = note: this error originates in the derive macro `knuffel_derive::Decode` (in Nightly builds, run with -Z macro-backtrace for more info)
[INFO] [stdout] 
[INFO] [stdout] 
[INFO] [stderr] error: could not compile `knuffel-derive` (test "ast") due to 7 previous errors
[INFO] [stdout] error[E0433]: failed to resolve: could not find `knuffel` in the list of imported crates
[INFO] [stdout]   --> tests/normal.rs:11:10
[INFO] [stdout]    |
[INFO] [stdout] 11 | #[derive(knuffel_derive::Decode, Debug, PartialEq)]
[INFO] [stdout]    |          ^^^^^^^^^^^^^^^^^^^^^^ could not find `knuffel` in the list of imported crates
[INFO] [stdout]    |
[INFO] [stdout]    = note: this error originates in the derive macro `knuffel_derive::Decode` (in Nightly builds, run with -Z macro-backtrace for more info)
[INFO] [stdout] 
[INFO] [stdout] 
[INFO] [stdout] error[E0433]: failed to resolve: could not find `knuffel` in the list of imported crates
[INFO] [stdout]   --> tests/extra.rs:25:10
[INFO] [stdout]    |
[INFO] [stdout] 25 | #[derive(knuffel_derive::Decode, Debug, PartialEq)]
[INFO] [stdout]    |          ^^^^^^^^^^^^^^^^^^^^^^ could not find `knuffel` in the list of imported crates
[INFO] [stdout]    |
[INFO] [stdout]    = note: this error originates in the derive macro `knuffel_derive::Decode` (in Nightly builds, run with -Z macro-backtrace for more info)
[INFO] [stdout] 
[INFO] [stdout] 
[INFO] [stdout] error[E0433]: failed to resolve: could not find `knuffel` in the list of imported crates
[INFO] [stdout]   --> tests/normal.rs:17:10
[INFO] [stdout]    |
[INFO] [stdout] 17 | #[derive(knuffel_derive::Decode, Debug, PartialEq)]
[INFO] [stdout]    |          ^^^^^^^^^^^^^^^^^^^^^^ could not find `knuffel` in the list of imported crates
[INFO] [stdout]    |
[INFO] [stdout]    = note: this error originates in the derive macro `knuffel_derive::Decode` (in Nightly builds, run with -Z macro-backtrace for more info)
[INFO] [stdout] 
[INFO] [stdout] 
[INFO] [stdout] error[E0433]: failed to resolve: could not find `knuffel` in the list of imported crates
[INFO] [stdout]   --> tests/flatten.rs:21:10
[INFO] [stdout]    |
[INFO] [stdout] 21 | #[derive(knuffel_derive::Decode, Default, Debug, PartialEq)]
[INFO] [stdout]    |          ^^^^^^^^^^^^^^^^^^^^^^ could not find `knuffel` in the list of imported crates
[INFO] [stdout]    |
[INFO] [stdout]    = note: this error originates in the derive macro `knuffel_derive::Decode` (in Nightly builds, run with -Z macro-backtrace for more info)
[INFO] [stdout] 
[INFO] [stdout] 
[INFO] [stdout] error[E0433]: failed to resolve: use of undeclared crate or module `knuffel`
[INFO] [stdout]   --> tests/extra.rs:34:29
[INFO] [stdout]    |
[INFO] [stdout] 34 |     let mut nodes: Vec<T> = knuffel::parse("<test>", text).unwrap();
[INFO] [stdout]    |                             ^^^^^^^ use of undeclared crate or module `knuffel`
[INFO] [stdout] 
[INFO] [stdout] 
[INFO] [stdout] error: aborting due to 8 previous errors
[INFO] [stdout] 
[INFO] [stdout] 
[INFO] [stdout] For more information about this error, try `rustc --explain E0433`.
[INFO] [stdout] 
[INFO] [stderr] error: could not compile `knuffel-derive` (test "extra") due to 9 previous errors
[INFO] [stdout] error[E0433]: failed to resolve: could not find `knuffel` in the list of imported crates
[INFO] [stdout]   --> tests/normal.rs:23:10
[INFO] [stdout]    |
[INFO] [stdout] 23 | #[derive(knuffel_derive::Decode, Debug, PartialEq)]
[INFO] [stdout]    |          ^^^^^^^^^^^^^^^^^^^^^^ could not find `knuffel` in the list of imported crates
[INFO] [stdout]    |
[INFO] [stdout]    = note: this error originates in the derive macro `knuffel_derive::Decode` (in Nightly builds, run with -Z macro-backtrace for more info)
[INFO] [stdout] 
[INFO] [stdout] 
[INFO] [stdout] error[E0433]: failed to resolve: could not find `knuffel` in the list of imported crates
[INFO] [stdout]   --> tests/normal.rs:29:10
[INFO] [stdout]    |
[INFO] [stdout] 29 | #[derive(knuffel_derive::Decode, Debug, PartialEq)]
[INFO] [stdout]    |          ^^^^^^^^^^^^^^^^^^^^^^ could not find `knuffel` in the list of imported crates
[INFO] [stdout]    |
[INFO] [stdout]    = note: this error originates in the derive macro `knuffel_derive::Decode` (in Nightly builds, run with -Z macro-backtrace for more info)
[INFO] [stdout] 
[INFO] [stdout] 
[INFO] [stdout] error[E0433]: failed to resolve: could not find `knuffel` in the list of imported crates
[INFO] [stdout]   --> tests/normal.rs:35:10
[INFO] [stdout]    |
[INFO] [stdout] 35 | #[derive(knuffel_derive::Decode, Debug, PartialEq)]
[INFO] [stdout]    |          ^^^^^^^^^^^^^^^^^^^^^^ could not find `knuffel` in the list of imported crates
[INFO] [stdout]    |
[INFO] [stdout]    = note: this error originates in the derive macro `knuffel_derive::Decode` (in Nightly builds, run with -Z macro-backtrace for more info)
[INFO] [stdout] 
[INFO] [stdout] 
[INFO] [stdout] error[E0433]: failed to resolve: could not find `knuffel` in the list of imported crates
[INFO] [stdout]   --> tests/normal.rs:41:10
[INFO] [stdout]    |
[INFO] [stdout] 41 | #[derive(knuffel_derive::Decode, Debug, PartialEq)]
[INFO] [stdout]    |          ^^^^^^^^^^^^^^^^^^^^^^ could not find `knuffel` in the list of imported crates
[INFO] [stdout]    |
[INFO] [stdout]    = note: this error originates in the derive macro `knuffel_derive::Decode` (in Nightly builds, run with -Z macro-backtrace for more info)
[INFO] [stdout] 
[INFO] [stdout] 
[INFO] [stdout] error[E0433]: failed to resolve: could not find `knuffel` in the list of imported crates
[INFO] [stdout]   --> tests/flatten.rs:27:10
[INFO] [stdout]    |
[INFO] [stdout] 27 | #[derive(knuffel_derive::Decode, Debug, PartialEq)]
[INFO] [stdout]    |          ^^^^^^^^^^^^^^^^^^^^^^ could not find `knuffel` in the list of imported crates
[INFO] [stdout]    |
[INFO] [stdout]    = note: this error originates in the derive macro `knuffel_derive::Decode` (in Nightly builds, run with -Z macro-backtrace for more info)
[INFO] [stdout] 
[INFO] [stdout] 
[INFO] [stdout] error[E0433]: failed to resolve: use of undeclared crate or module `knuffel`
[INFO] [stdout]   --> tests/types.rs:22:5
[INFO] [stdout]    |
[INFO] [stdout] 22 |     knuffel::parse("<test>", text).unwrap()
[INFO] [stdout]    |     ^^^^^^^ use of undeclared crate or module `knuffel`
[INFO] [stdout] 
[INFO] [stdout] 
[INFO] [stdout] error: aborting due to 4 previous errors
[INFO] [stdout] 
[INFO] [stdout] 
[INFO] [stdout] For more information about this error, try `rustc --explain E0433`.
[INFO] [stdout] 
[INFO] [stdout] error[E0433]: failed to resolve: could not find `knuffel` in the list of imported crates
[INFO] [stdout]   --> tests/normal.rs:47:10
[INFO] [stdout]    |
[INFO] [stdout] 47 | #[derive(knuffel_derive::Decode, Debug, PartialEq)]
[INFO] [stdout]    |          ^^^^^^^^^^^^^^^^^^^^^^ could not find `knuffel` in the list of imported crates
[INFO] [stdout]    |
[INFO] [stdout]    = note: this error originates in the derive macro `knuffel_derive::Decode` (in Nightly builds, run with -Z macro-backtrace for more info)
[INFO] [stdout] 
[INFO] [stdout] 
[INFO] [stderr] error: could not compile `knuffel-derive` (test "types") due to 5 previous errors
[INFO] [stdout] error[E0433]: failed to resolve: could not find `knuffel` in the list of imported crates
[INFO] [stdout]   --> tests/normal.rs:52:10
[INFO] [stdout]    |
[INFO] [stdout] 52 | #[derive(knuffel_derive::Decode, Debug, PartialEq)]
[INFO] [stdout]    |          ^^^^^^^^^^^^^^^^^^^^^^ could not find `knuffel` in the list of imported crates
[INFO] [stdout]    |
[INFO] [stdout]    = note: this error originates in the derive macro `knuffel_derive::Decode` (in Nightly builds, run with -Z macro-backtrace for more info)
[INFO] [stdout] 
[INFO] [stdout] 
[INFO] [stdout] error[E0433]: failed to resolve: use of undeclared crate or module `knuffel`
[INFO] [stdout]   --> tests/flatten.rs:35:29
[INFO] [stdout]    |
[INFO] [stdout] 35 |     let mut nodes: Vec<T> = knuffel::parse("<test>", text).unwrap();
[INFO] [stdout]    |                             ^^^^^^^ use of undeclared crate or module `knuffel`
[INFO] [stdout] 
[INFO] [stdout] 
[INFO] [stdout] error[E0433]: failed to resolve: use of undeclared crate or module `knuffel`
[INFO] [stdout]   --> tests/flatten.rs:41:15
[INFO] [stdout]    |
[INFO] [stdout] 41 |     let err = knuffel::parse::<Vec<T>>("<test>", text).unwrap_err();
[INFO] [stdout]    |               ^^^^^^^ use of undeclared crate or module `knuffel`
[INFO] [stdout] 
[INFO] [stdout] 
[INFO] [stdout] error[E0433]: failed to resolve: use of undeclared crate or module `knuffel`
[INFO] [stdout]   --> tests/flatten.rs:48:5
[INFO] [stdout]    |
[INFO] [stdout] 48 |     knuffel::parse("<test>", text).unwrap()
[INFO] [stdout]    |     ^^^^^^^ use of undeclared crate or module `knuffel`
[INFO] [stdout] 
[INFO] [stdout] 
[INFO] [stdout] error[E0433]: failed to resolve: use of undeclared crate or module `knuffel`
[INFO] [stdout]   --> tests/flatten.rs:52:15
[INFO] [stdout]    |
[INFO] [stdout] 52 |     let err = knuffel::parse::<T>("<test>", text).unwrap_err();
[INFO] [stdout]    |               ^^^^^^^ use of undeclared crate or module `knuffel`
[INFO] [stdout] 
[INFO] [stdout] 
[INFO] [stdout] error: aborting due to 11 previous errors
[INFO] [stdout] 
[INFO] [stdout] 
[INFO] [stdout] Some errors have detailed explanations: E0432, E0433.
[INFO] [stdout] 
[INFO] [stdout] For more information about an error, try `rustc --explain E0432`.
[INFO] [stdout] 
[INFO] [stdout] error[E0433]: failed to resolve: could not find `knuffel` in the list of imported crates
[INFO] [stdout]   --> tests/normal.rs:58:10
[INFO] [stdout]    |
[INFO] [stdout] 58 | #[derive(knuffel_derive::Decode, Debug, PartialEq, Default)]
[INFO] [stdout]    |          ^^^^^^^^^^^^^^^^^^^^^^ could not find `knuffel` in the list of imported crates
[INFO] [stdout]    |
[INFO] [stdout]    = note: this error originates in the derive macro `knuffel_derive::Decode` (in Nightly builds, run with -Z macro-backtrace for more info)
[INFO] [stdout] 
[INFO] [stdout] 
[INFO] [stderr] error: could not compile `knuffel-derive` (test "flatten") due to 12 previous errors
[INFO] [stdout] error[E0433]: failed to resolve: could not find `knuffel` in the list of imported crates
[INFO] [stdout]   --> tests/normal.rs:64:10
[INFO] [stdout]    |
[INFO] [stdout] 64 | #[derive(knuffel_derive::Decode, Debug, PartialEq, Default)]
[INFO] [stdout]    |          ^^^^^^^^^^^^^^^^^^^^^^ could not find `knuffel` in the list of imported crates
[INFO] [stdout]    |
[INFO] [stdout]    = note: this error originates in the derive macro `knuffel_derive::Decode` (in Nightly builds, run with -Z macro-backtrace for more info)
[INFO] [stdout] 
[INFO] [stdout] 
[INFO] [stdout] error[E0433]: failed to resolve: could not find `knuffel` in the list of imported crates
[INFO] [stdout]   --> tests/normal.rs:70:10
[INFO] [stdout]    |
[INFO] [stdout] 70 | #[derive(knuffel_derive::Decode, Debug, PartialEq)]
[INFO] [stdout]    |          ^^^^^^^^^^^^^^^^^^^^^^ could not find `knuffel` in the list of imported crates
[INFO] [stdout]    |
[INFO] [stdout]    = note: this error originates in the derive macro `knuffel_derive::Decode` (in Nightly builds, run with -Z macro-backtrace for more info)
[INFO] [stdout] 
[INFO] [stdout] 
[INFO] [stdout] error[E0433]: failed to resolve: could not find `knuffel` in the list of imported crates
[INFO] [stdout]   --> tests/normal.rs:76:10
[INFO] [stdout]    |
[INFO] [stdout] 76 | #[derive(knuffel_derive::Decode, Debug, PartialEq)]
[INFO] [stdout]    |          ^^^^^^^^^^^^^^^^^^^^^^ could not find `knuffel` in the list of imported crates
[INFO] [stdout]    |
[INFO] [stdout]    = note: this error originates in the derive macro `knuffel_derive::Decode` (in Nightly builds, run with -Z macro-backtrace for more info)
[INFO] [stdout] 
[INFO] [stdout] 
[INFO] [stdout] error[E0433]: failed to resolve: could not find `knuffel` in the list of imported crates
[INFO] [stdout]   --> tests/normal.rs:82:10
[INFO] [stdout]    |
[INFO] [stdout] 82 | #[derive(knuffel_derive::Decode, Debug, PartialEq)]
[INFO] [stdout]    |          ^^^^^^^^^^^^^^^^^^^^^^ could not find `knuffel` in the list of imported crates
[INFO] [stdout]    |
[INFO] [stdout]    = note: this error originates in the derive macro `knuffel_derive::Decode` (in Nightly builds, run with -Z macro-backtrace for more info)
[INFO] [stdout] 
[INFO] [stdout] 
[INFO] [stdout] error[E0433]: failed to resolve: could not find `knuffel` in the list of imported crates
[INFO] [stdout]   --> tests/normal.rs:88:10
[INFO] [stdout]    |
[INFO] [stdout] 88 | #[derive(knuffel_derive::Decode, Debug, PartialEq)]
[INFO] [stdout]    |          ^^^^^^^^^^^^^^^^^^^^^^ could not find `knuffel` in the list of imported crates
[INFO] [stdout]    |
[INFO] [stdout]    = note: this error originates in the derive macro `knuffel_derive::Decode` (in Nightly builds, run with -Z macro-backtrace for more info)
[INFO] [stdout] 
[INFO] [stdout] 
[INFO] [stdout] error[E0433]: failed to resolve: could not find `knuffel` in the list of imported crates
[INFO] [stdout]   --> tests/normal.rs:94:10
[INFO] [stdout]    |
[INFO] [stdout] 94 | #[derive(knuffel_derive::Decode, Debug, PartialEq)]
[INFO] [stdout]    |          ^^^^^^^^^^^^^^^^^^^^^^ could not find `knuffel` in the list of imported crates
[INFO] [stdout]    |
[INFO] [stdout]    = note: this error originates in the derive macro `knuffel_derive::Decode` (in Nightly builds, run with -Z macro-backtrace for more info)
[INFO] [stdout] 
[INFO] [stdout] 
[INFO] [stdout] error[E0433]: failed to resolve: could not find `knuffel` in the list of imported crates
[INFO] [stdout]    --> tests/normal.rs:100:10
[INFO] [stdout]     |
[INFO] [stdout] 100 | #[derive(knuffel_derive::Decode, Debug, PartialEq)]
[INFO] [stdout]     |          ^^^^^^^^^^^^^^^^^^^^^^ could not find `knuffel` in the list of imported crates
[INFO] [stdout]     |
[INFO] [stdout]     = note: this error originates in the derive macro `knuffel_derive::Decode` (in Nightly builds, run with -Z macro-backtrace for more info)
[INFO] [stdout] 
[INFO] [stdout] 
[INFO] [stdout] error[E0433]: failed to resolve: could not find `knuffel` in the list of imported crates
[INFO] [stdout]    --> tests/normal.rs:106:10
[INFO] [stdout]     |
[INFO] [stdout] 106 | #[derive(knuffel_derive::Decode, Debug, PartialEq)]
[INFO] [stdout]     |          ^^^^^^^^^^^^^^^^^^^^^^ could not find `knuffel` in the list of imported crates
[INFO] [stdout]     |
[INFO] [stdout]     = note: this error originates in the derive macro `knuffel_derive::Decode` (in Nightly builds, run with -Z macro-backtrace for more info)
[INFO] [stdout] 
[INFO] [stdout] 
[INFO] [stdout] error[E0433]: failed to resolve: could not find `knuffel` in the list of imported crates
[INFO] [stdout]    --> tests/normal.rs:112:10
[INFO] [stdout]     |
[INFO] [stdout] 112 | #[derive(knuffel_derive::Decode, Debug, PartialEq)]
[INFO] [stdout]     |          ^^^^^^^^^^^^^^^^^^^^^^ could not find `knuffel` in the list of imported crates
[INFO] [stdout]     |
[INFO] [stdout]     = note: this error originates in the derive macro `knuffel_derive::Decode` (in Nightly builds, run with -Z macro-backtrace for more info)
[INFO] [stdout] 
[INFO] [stdout] 
[INFO] [stdout] error[E0433]: failed to resolve: could not find `knuffel` in the list of imported crates
[INFO] [stdout]    --> tests/normal.rs:120:10
[INFO] [stdout]     |
[INFO] [stdout] 120 | #[derive(knuffel_derive::Decode, Debug, PartialEq)]
[INFO] [stdout]     |          ^^^^^^^^^^^^^^^^^^^^^^ could not find `knuffel` in the list of imported crates
[INFO] [stdout]     |
[INFO] [stdout]     = note: this error originates in the derive macro `knuffel_derive::Decode` (in Nightly builds, run with -Z macro-backtrace for more info)
[INFO] [stdout] 
[INFO] [stdout] 
[INFO] [stdout] error[E0433]: failed to resolve: could not find `knuffel` in the list of imported crates
[INFO] [stdout]    --> tests/normal.rs:129:10
[INFO] [stdout]     |
[INFO] [stdout] 129 | #[derive(knuffel_derive::Decode, Debug, PartialEq)]
[INFO] [stdout]     |          ^^^^^^^^^^^^^^^^^^^^^^ could not find `knuffel` in the list of imported crates
[INFO] [stdout]     |
[INFO] [stdout]     = note: this error originates in the derive macro `knuffel_derive::Decode` (in Nightly builds, run with -Z macro-backtrace for more info)
[INFO] [stdout] 
[INFO] [stdout] 
[INFO] [stdout] error[E0433]: failed to resolve: could not find `knuffel` in the list of imported crates
[INFO] [stdout]    --> tests/normal.rs:141:10
[INFO] [stdout]     |
[INFO] [stdout] 141 | #[derive(knuffel_derive::Decode, Debug, PartialEq)]
[INFO] [stdout]     |          ^^^^^^^^^^^^^^^^^^^^^^ could not find `knuffel` in the list of imported crates
[INFO] [stdout]     |
[INFO] [stdout]     = note: this error originates in the derive macro `knuffel_derive::Decode` (in Nightly builds, run with -Z macro-backtrace for more info)
[INFO] [stdout] 
[INFO] [stdout] 
[INFO] [stdout] error[E0433]: failed to resolve: could not find `knuffel` in the list of imported crates
[INFO] [stdout]    --> tests/normal.rs:147:10
[INFO] [stdout]     |
[INFO] [stdout] 147 | #[derive(knuffel_derive::Decode, Debug, PartialEq)]
[INFO] [stdout]     |          ^^^^^^^^^^^^^^^^^^^^^^ could not find `knuffel` in the list of imported crates
[INFO] [stdout]     |
[INFO] [stdout]     = note: this error originates in the derive macro `knuffel_derive::Decode` (in Nightly builds, run with -Z macro-backtrace for more info)
[INFO] [stdout] 
[INFO] [stdout] 
[INFO] [stdout] error[E0433]: failed to resolve: could not find `knuffel` in the list of imported crates
[INFO] [stdout]    --> tests/normal.rs:153:10
[INFO] [stdout]     |
[INFO] [stdout] 153 | #[derive(knuffel_derive::Decode, Debug, PartialEq)]
[INFO] [stdout]     |          ^^^^^^^^^^^^^^^^^^^^^^ could not find `knuffel` in the list of imported crates
[INFO] [stdout]     |
[INFO] [stdout]     = note: this error originates in the derive macro `knuffel_derive::Decode` (in Nightly builds, run with -Z macro-backtrace for more info)
[INFO] [stdout] 
[INFO] [stdout] 
[INFO] [stdout] error[E0433]: failed to resolve: could not find `knuffel` in the list of imported crates
[INFO] [stdout]    --> tests/normal.rs:159:10
[INFO] [stdout]     |
[INFO] [stdout] 159 | #[derive(knuffel_derive::Decode, Debug, PartialEq)]
[INFO] [stdout]     |          ^^^^^^^^^^^^^^^^^^^^^^ could not find `knuffel` in the list of imported crates
[INFO] [stdout]     |
[INFO] [stdout]     = note: this error originates in the derive macro `knuffel_derive::Decode` (in Nightly builds, run with -Z macro-backtrace for more info)
[INFO] [stdout] 
[INFO] [stdout] 
[INFO] [stdout] error[E0433]: failed to resolve: could not find `knuffel` in the list of imported crates
[INFO] [stdout]    --> tests/normal.rs:165:10
[INFO] [stdout]     |
[INFO] [stdout] 165 | #[derive(knuffel_derive::Decode, Debug, PartialEq)]
[INFO] [stdout]     |          ^^^^^^^^^^^^^^^^^^^^^^ could not find `knuffel` in the list of imported crates
[INFO] [stdout]     |
[INFO] [stdout]     = note: this error originates in the derive macro `knuffel_derive::Decode` (in Nightly builds, run with -Z macro-backtrace for more info)
[INFO] [stdout] 
[INFO] [stdout] 
[INFO] [stdout] error[E0433]: failed to resolve: could not find `knuffel` in the list of imported crates
[INFO] [stdout]    --> tests/normal.rs:171:10
[INFO] [stdout]     |
[INFO] [stdout] 171 | #[derive(knuffel_derive::Decode, Debug, PartialEq)]
[INFO] [stdout]     |          ^^^^^^^^^^^^^^^^^^^^^^ could not find `knuffel` in the list of imported crates
[INFO] [stdout]     |
[INFO] [stdout]     = note: this error originates in the derive macro `knuffel_derive::Decode` (in Nightly builds, run with -Z macro-backtrace for more info)
[INFO] [stdout] 
[INFO] [stdout] 
[INFO] [stdout] error[E0433]: failed to resolve: could not find `knuffel` in the list of imported crates
[INFO] [stdout]    --> tests/normal.rs:177:10
[INFO] [stdout]     |
[INFO] [stdout] 177 | #[derive(knuffel_derive::Decode, Debug, PartialEq)]
[INFO] [stdout]     |          ^^^^^^^^^^^^^^^^^^^^^^ could not find `knuffel` in the list of imported crates
[INFO] [stdout]     |
[INFO] [stdout]     = note: this error originates in the derive macro `knuffel_derive::Decode` (in Nightly builds, run with -Z macro-backtrace for more info)
[INFO] [stdout] 
[INFO] [stdout] 
[INFO] [stdout] error[E0433]: failed to resolve: could not find `knuffel` in the list of imported crates
[INFO] [stdout]    --> tests/normal.rs:183:10
[INFO] [stdout]     |
[INFO] [stdout] 183 | #[derive(knuffel_derive::Decode, Debug, PartialEq)]
[INFO] [stdout]     |          ^^^^^^^^^^^^^^^^^^^^^^ could not find `knuffel` in the list of imported crates
[INFO] [stdout]     |
[INFO] [stdout]     = note: this error originates in the derive macro `knuffel_derive::Decode` (in Nightly builds, run with -Z macro-backtrace for more info)
[INFO] [stdout] 
[INFO] [stdout] 
[INFO] [stdout] error[E0433]: failed to resolve: could not find `knuffel` in the list of imported crates
[INFO] [stdout]    --> tests/normal.rs:189:10
[INFO] [stdout]     |
[INFO] [stdout] 189 | #[derive(knuffel_derive::Decode, Debug, PartialEq)]
[INFO] [stdout]     |          ^^^^^^^^^^^^^^^^^^^^^^ could not find `knuffel` in the list of imported crates
[INFO] [stdout]     |
[INFO] [stdout]     = note: this error originates in the derive macro `knuffel_derive::Decode` (in Nightly builds, run with -Z macro-backtrace for more info)
[INFO] [stdout] 
[INFO] [stdout] 
[INFO] [stdout] error[E0433]: failed to resolve: could not find `knuffel` in the list of imported crates
[INFO] [stdout]    --> tests/normal.rs:195:10
[INFO] [stdout]     |
[INFO] [stdout] 195 | #[derive(knuffel_derive::Decode, Debug, PartialEq)]
[INFO] [stdout]     |          ^^^^^^^^^^^^^^^^^^^^^^ could not find `knuffel` in the list of imported crates
[INFO] [stdout]     |
[INFO] [stdout]     = note: this error originates in the derive macro `knuffel_derive::Decode` (in Nightly builds, run with -Z macro-backtrace for more info)
[INFO] [stdout] 
[INFO] [stdout] 
[INFO] [stdout] error[E0433]: failed to resolve: could not find `knuffel` in the list of imported crates
[INFO] [stdout]    --> tests/normal.rs:177:10
[INFO] [stdout]     |
[INFO] [stdout] 177 | #[derive(knuffel_derive::Decode, Debug, PartialEq)]
[INFO] [stdout]     |          ^^^^^^^^^^^^^^^^^^^^^^ could not find `knuffel` in the list of imported crates
[INFO] [stdout]     |
[INFO] [stdout]     = note: this error originates in the derive macro `knuffel_derive::Decode` (in Nightly builds, run with -Z macro-backtrace for more info)
[INFO] [stdout] help: consider importing this struct
[INFO] [stdout]     |
[INFO] [stdout] 1   + use proc_macro2::Literal;
[INFO] [stdout]     |
[INFO] [stdout] help: if you import `Literal`, refer to it directly
[INFO] [stdout]     |
[INFO] [stdout] 177 | #[derive(knuffel_derive::Decode, Debug, PartialEq)]
[INFO] [stdout]     |
[INFO] [stdout] 
[INFO] [stdout] 
[INFO] [stdout] error[E0433]: failed to resolve: could not find `knuffel` in the list of imported crates
[INFO] [stdout]    --> tests/normal.rs:183:10
[INFO] [stdout]     |
[INFO] [stdout] 183 | #[derive(knuffel_derive::Decode, Debug, PartialEq)]
[INFO] [stdout]     |          ^^^^^^^^^^^^^^^^^^^^^^ could not find `knuffel` in the list of imported crates
[INFO] [stdout]     |
[INFO] [stdout]     = note: this error originates in the derive macro `knuffel_derive::Decode` (in Nightly builds, run with -Z macro-backtrace for more info)
[INFO] [stdout] help: consider importing this struct
[INFO] [stdout]     |
[INFO] [stdout] 1   + use proc_macro2::Literal;
[INFO] [stdout]     |
[INFO] [stdout] help: if you import `Literal`, refer to it directly
[INFO] [stdout]     |
[INFO] [stdout] 183 | #[derive(knuffel_derive::Decode, Debug, PartialEq)]
[INFO] [stdout]     |
[INFO] [stdout] 
[INFO] [stdout] 
[INFO] [stdout] error[E0433]: failed to resolve: could not find `knuffel` in the list of imported crates
[INFO] [stdout]    --> tests/normal.rs:195:10
[INFO] [stdout]     |
[INFO] [stdout] 195 | #[derive(knuffel_derive::Decode, Debug, PartialEq)]
[INFO] [stdout]     |          ^^^^^^^^^^^^^^^^^^^^^^ could not find `knuffel` in the list of imported crates
[INFO] [stdout]     |
[INFO] [stdout]     = note: this error originates in the derive macro `knuffel_derive::Decode` (in Nightly builds, run with -Z macro-backtrace for more info)
[INFO] [stdout] help: consider importing this struct
[INFO] [stdout]     |
[INFO] [stdout] 1   + use proc_macro2::Literal;
[INFO] [stdout]     |
[INFO] [stdout] help: if you import `Literal`, refer to it directly
[INFO] [stdout]     |
[INFO] [stdout] 195 | #[derive(knuffel_derive::Decode, Debug, PartialEq)]
[INFO] [stdout]     |
[INFO] [stdout] 
[INFO] [stdout] 
[INFO] [stdout] error[E0433]: failed to resolve: use of undeclared crate or module `knuffel`
[INFO] [stdout]    --> tests/normal.rs:202:29
[INFO] [stdout]     |
[INFO] [stdout] 202 |     let mut nodes: Vec<T> = knuffel::parse("<test>", text).unwrap();
[INFO] [stdout]     |                             ^^^^^^^ use of undeclared crate or module `knuffel`
[INFO] [stdout] 
[INFO] [stdout] 
[INFO] [stdout] error[E0433]: failed to resolve: use of undeclared crate or module `knuffel`
[INFO] [stdout]    --> tests/normal.rs:208:15
[INFO] [stdout]     |
[INFO] [stdout] 208 |     let err = knuffel::parse::<Vec<T>>("<test>", text).unwrap_err();
[INFO] [stdout]     |               ^^^^^^^ use of undeclared crate or module `knuffel`
[INFO] [stdout] 
[INFO] [stdout] 
[INFO] [stdout] error[E0433]: failed to resolve: use of undeclared crate or module `knuffel`
[INFO] [stdout]    --> tests/normal.rs:215:5
[INFO] [stdout]     |
[INFO] [stdout] 215 |     knuffel::parse("<test>", text).unwrap()
[INFO] [stdout]     |     ^^^^^^^ use of undeclared crate or module `knuffel`
[INFO] [stdout] 
[INFO] [stdout] 
[INFO] [stdout] error[E0433]: failed to resolve: use of undeclared crate or module `knuffel`
[INFO] [stdout]    --> tests/normal.rs:219:15
[INFO] [stdout]     |
[INFO] [stdout] 219 |     let err = knuffel::parse::<T>("<test>", text).unwrap_err();
[INFO] [stdout]     |               ^^^^^^^ use of undeclared crate or module `knuffel`
[INFO] [stdout] 
[INFO] [stdout] 
[INFO] [stdout] error: aborting due to 40 previous errors
[INFO] [stdout] 
[INFO] [stdout] 
[INFO] [stdout] Some errors have detailed explanations: E0432, E0433.
[INFO] [stdout] 
[INFO] [stdout] For more information about an error, try `rustc --explain E0432`.
[INFO] [stdout] 
[INFO] [stderr] error: could not compile `knuffel-derive` (test "normal") due to 41 previous errors
[INFO] running `Command { std: "docker" "inspect" "791e41a38f68a1f1bb8c03b0aaa9c3982fd70e425d79bd246b8222515add7571", kill_on_drop: false }`
[INFO] running `Command { std: "docker" "rm" "-f" "791e41a38f68a1f1bb8c03b0aaa9c3982fd70e425d79bd246b8222515add7571", kill_on_drop: false }`
[INFO] [stdout] 791e41a38f68a1f1bb8c03b0aaa9c3982fd70e425d79bd246b8222515add7571
